3).
-155
Let u(h) = 12804*h + 332881. What is u(-26)?
-23
Let v(c) = -c**3 + 64*c**2 + 9790*c + 254. Give v(136).
-18
Let k(z) = -z**2 + 1874*z - 29785. Give k(16).
-57
Let u(a) = 2*a**3 + 297*a**2 - 158*a + 13. Determine u(-149).
1354
Let f(y) = y**2 - 165*y + 4065. Give f(30).
15
Let j(a) = -4*a**2 - 9123*a + 35. Calculate j(0).
35
Let q(y) = -y**3 - 234*y**2 - 452*y + 2774. What is q(-232)?
-10
Let c(p) = -1436*p - 33064. Determine c(-23).
-36
Let p(f) = 4680*f - 28259. What is p(6)?
-179
Let c(z) = 77*z**2 + 1398*z - 154. Determine c(-18).
-370
Let t(x) = -410*x**2 - 1689*x - 199. Determine t(-4).
-3
Let r(s) = -10574*s + 8912. Give r(1).
-1662
Let p(o) = 7*o**2 + 210*o + 1578. Determine p(-17).
31
Let i(d) = -38*d**3 + 427*d**2 - 37*d - 22. Calculate i(11).
660
Let l(n) = -2*n**3 - 25*n**2 - 51*n + 31. Determine l(-10).
41
Let h(z) = -z**3 + 214*z**2 + 1509*z + 8442. Give h(221).
44
Let k(a) = 276*a**3 + 8*a**2 + 13*a + 4. Determine k(-1).
-277
Let s(p) = 22504*p + 4343276. What is s(-193)?
4
Let g(a) = -41048*a + 3201753. Give g(78).
9
Let t(y) = -720516*y - 3602692. Calculate t(-5).
-112
Let k(s) = 569*s + 7296. Give k(-15).
-1239
Let z(o) = -1450*o + 264. What is z(0)?
264
Let j(x) = -354295*x - 1062845. Calculate j(-3).
40
Let v(l) = -302*l + 9651. What is v(30)?
591
Let a(x) = 63*x**3 - 1693*x**2 - 215*x + 17. What is a(27)?
44
Let o(t) = t**2 + 257*t - 68191. Determine o(-419).
-313
Let h(z) = -z**3 + 437*z**2 - 5441*z - 30055. Give h(424).
49
Let v(p) = -13*p**2 + 2998*p + 219348. Calculate v(289).
-3
Let v(f) = -414*f**3 + 62*f**2 + 3*f - 3. Give v(1).
-352
Let y(k) = -27819*k + 5424699. Determine y(195).
-6
Let x(z) = z**2 - 27107*z - 9609949. Determine x(-350).
1
Let l(u) = -6*u**2 - 309*u + 2873. Determine l(-53).
2396
Let g(x) = 8*x**2 - 456*x + 4950. Determine g(25).
-1450
Let z(s) = -13*s**2 - 1287*s + 1303. What is z(-100)?
3
Let n(t) = 133831*t - 535320. Calculate n(4).
4
Let n(c) = -2*c**3 - 43*c**2 + 10*c - 317. Determine n(-22).
-53
Let f(k) = 51718*k + 2896208. Give f(-56).
0
Let t(h) = -157*h**2 - 15534*h + 896. Give t(-99).
5
Let q(i) = -47*i**2 - 787*i - 547. Give q(-16).
13
Let v(r) = r**2 + 7*r - 13701. What is v(-120)?
-141
Let l(b) = 5*b**3 - 104*b**2 + 5*b - 584. What is l(21)?
-38
Let t(m) = 9*m**2 - 524*m - 3120. Determine t(-6).
348
Let m(v) = v**3 + 50*v**2 - 19*v + 1094. Determine m(-51).
-538
Let u(d) = -3*d**2 + 320967*d - 4172064. Give u(13).
0
Let c(h) = 561*h + 162681. Determine c(-290).
-9
Let g(w) = 5915*w - 538339. Calculate g(91).
-74
Let i(z) = 5*z**2 + 6343*z + 94013. Give i(-15).
-7
Let r(a) = 23628*a + 23613. What is r(-1)?
-15
Let n(x) = -19720*x - 1064884. Give n(-54).
-4
Let f(o) = -40*o**2 + 341*o + 1662. Give f(-5).
-1043
Let j(t) = -786*t + 59007. Give j(75).
57
Let r(j) = -j**3 - 17*j**2 + 209*j + 3570. Determine r(-15).
-15
Let c(f) = -f**3 - 154*f**2 + 2783*f + 41939. Give c(-169).
27
Let g(b) = 20*b**3 - 202*b**2 + 1167*b - 23. Determine g(6).
4027
Let c(v) = 5172*v + 10798. Give c(-2).
454
Let t(o) = o**2 - 1089*o + 59776. What is t(58)?
-22
Let o(n) = -4*n**3 - 1330*n**2 - 693*n - 9631. Give o(-332).
-3
Let o(h) = 14*h**2 - 1505*h - 12272. Give o(115).
-197
Let i(k) = 1672*k - 16645. Calculate i(10).
75
Let n(j) = -j**2 + 2431*j + 58940. Give n(-24).
20
Let h(k) = -25*k**2 - 358*k + 1060. Give h(3).
-239
Let i(n) = n**3 + 9*n**2 - 145*n - 1097. What is i(-7)?
16
Let x(l) = -378*l**2 - 69*l + 68. Give x(1).
-379
Let h(q) = 11*q**3 - 163*q**2 - 26*q + 108. Determine h(15).
168
Let m(s) = -45*s**2 + 1028*s - 106. Give m(21).
1637
Let n(k) = 959031*k + 23975776. Calculate n(-25).
1
Let k(t) = 217*t + 4211. Determine k(-15).
956
Let g(w) = w**3 - 61*w**2 + 668*w - 291. Calculate g(47).
179
Let m(o) = -2642*o - 232510. Calculate m(-88).
-14
Let o(d) = -96*d**2 + 2317*d - 323. What is o(24)?
-11
Let s(f) = -f**3 + 16*f**2 - 77*f + 73. Calculate s(9).
-53
Let h(x) = 1270*x - 3668. What is h(3)?
142
Let v(z) = -339*z - 38030. What is v(-110)?
-740
Let q(s) = -5275*s - 137139. Determine q(-26).
11
Let m(n) = -2*n**3 + 21*n**2 - 48*n + 643. Calculate m(11).
-6
Let s(k) = 32*k**2 + 6030*k + 2822. What is s(-188)?
190
Let j(l) = -37*l**2 - 286*l - 1497. What is j(-6)?
-1113
Let f(x) = 456698*x**2 + 2283487*x - 5. Determine f(-5).
10
Let j(s) = 52593*s + 315762. Calculate j(-6).
204
Let f(s) = -31307*s - 281764. Determine f(-9).
-1
Let j(p) = -p**3 + 376*p**2 + 3471*p + 63. Determine j(-9).
9
Let l(p) = 3*p**3 + 15*p**2 - 863*p - 558. Calculate l(15).
-3
Let c(b) = -159*b - 15750. Calculate c(-99).
-9
Let g(r) = -882633*r + 882641. What is g(1)?
8
Let s(d) = 3*d**2 - 5676*d - 22719. Determine s(-4).
33
Let o(r) = 12*r**2 - 456*r + 817. Determine o(36).
-47
Let l(d) = -609*d + 16910. Determine l(28).
-142
Let d(k) = -13131*k + 118404. What is d(9)?
225
Let a(p) = 662*p**2 + 48310*p - 1172. Calculate a(-73).
-4
Let z(g) = -566*g - 94543. What is z(-167)?
-21
Let w(b) = -640*b + 26676. Give w(41).
436
Let f(g) = 343*g - 408171. Calculate f(1190).
-1
Let q(c) = 145*c - 5122. Determine q(37).
243
Let c(v) = -154*v + 50899. Give c(329).
233
Let l(j) = 26*j**3 - 233*j**2 + 799*j - 7252. Determine l(9).
20
Let w(t) = 370*t**2 - 59186*t - 2231. Give w(160).
9
Let c(g) = 16094*g + 595478. Give c(-37).
0
Let i(b) = -15*b**3 + 167*b**2 + 342*b - 2249. Determine i(12).
-17
Let t(y) = 9727*y - 1906662. Give t(196).
-170
Let m(c) = 18*c**2 - 1018*c - 2628. Determine m(59).
-32
Let u(g) = -10*g**3 - 34*g**2 + 200*g - 164. Determine u(1).
-8
Let p(k) = -6800*k - 2182809. Calculate p(-321).
-9
Let b(i) = 3*i**3 + 9*i**2 - 54*i + 7. Give b(-6).
7
Let b(y) = 63*y - 1426. Calculate b(16).
-418
Let o(u) = -736518*u + 8101691. Calculate o(11).
-7
Let x(v) = -2*v**2 - 9229*v + 7057416. Determine x(668).
-4
Let u(k) = -6*k**3 + 6*k**2 + 376*k + 1087. Give u(-3).
175
Let l(k) = 1420*k - 106493. Determine l(75).
7
Let f(g) = 202773*g - 2230493. What is f(11)?
10
Let k(l) = -35*l**3 - 15*l**2 - 8*l + 67. Calculate k(-3).
901
Let k(u) = -117*u**3 + 704*u**2 + 620*u - 3758. Determine k(6).
34
Let o(w) = 114*w**2 + 397*w + 3. What is o(-3)?
-162
Let h(a) = -280*a - 1465. Calculate h(-6).
215
Let s(l) = 7*l**2 - 178*l - 442. What is s(37)?
2555
Let h(s) = 2502*s**3 - 80*s**2 + 65*s + 16. Calculate h(1).
2503
Let k(c) = 129459*c**2 - 129436*c - 1. Calculate k(1).
22
Let f(z) = -1156*z + 21674. Calculate f(19).
-290
Let o(f) = -f**3 - 608*f**2 + 9413*f + 42351. Give o(-623).
-13
Let g(b) = 140*b**2 + 211*b - 646. Give g(-3).
-19
Let h(f) = f**3 + 40*f**2 - 225*f - 43. Give h(8).
1229
Let n(d) = 993*d + 118178. Determine n(-119).
11
Let j(x) = -2212*x + 33035. What is j(15)?
-145
Let s(j) = -12134*j + 364048. Calculate s(30).
28
Let d(p) = -311*p - 18749. Give d(-60).
-89
Let j(n) = 5030*n - 1337954. Give j(266).
26
Let p(n) = 253*n - 4739. Calculate p(17).
-438
Let p(x) = -x**2 - 54*x - 982. Calculate p(-32).
-278
Let m(a) = -16*a**2 + 686*a - 98. Calculate m(41).
1132
Let m(q) = -q**3 - 189*q**2 + 17755*q - 12135. Calculate m(-258).
-9
Let u(s) = -53*s**2 + 8*s - 111. Determine u(5).
-1396
Let r(w) = 1143*w + 6011. Give r(-3).
2582
Let x(i) = -1069*i - 10776. Determine x(-10).
-86
Let g(s) = -10167*s + 112576. What is g(11)?
739
Let q(m) = 23838*m + 381411. Calculate q(-16).
3
Let s(c) = -315*c - 3961. Determine s(-12).
-181
Let y(c) = -c**3 - 148*c**2 - 2232*c - 666. Calculate y(-131).
-11
Let j(v) = 312*v - 23192. What is j(75)?
208
Let p(o) = o**3 - 16*o + 24. Determine p(-5).
-21
Let w(z) = -z**2 + 799*z - 149893. Give w(301).
5
Let m(h) = 176*h**2 - 876*h - 17. What is m(4)?
-705
Let x(o) = 1621*o + 103628. Calculate x(-64).
-116
Let b(c) = -8250*c + 23860. What is b(3)?
-890
Let j(p) = p**3 + 12*p**2 - 1179*p - 18585. Calculate j(-17).
13
Let q(x) = 36*x**3 - 375*x**2 + 181*x + 3. What is q(10)?
313
Let t(z) = 72933*z - 583550. Give t(8).
-86
Let j(w) = w**3 + w**2 - 212*w - 79. Calculate j(-15).
-49
Let j(z) = -19679*z + 2597637. Give j(132).
9
Let g(o) = -3*o**2 + 357*o - 8158. Calculate g(88).
26
Let d(v) = -1725*v + 8331. What is d(7)?
-3744
Let l(b) = 1051*b - 21122. Give l(20).
-102
Let y(n) = -17692*n - 6811412. Give y(-385).
8
Let y(s) = 2*s**3 + 113*s**2 - 2527*s - 11776. Determine y(-4).
12
Let m(v) = -v**3